{"id":2809,"date":"2023-08-17T13:37:20","date_gmt":"2023-08-17T11:37:20","guid":{"rendered":"https:\/\/gbcsarl.com\/?page_id=2809"},"modified":"2023-09-02T19:09:56","modified_gmt":"2023-09-02T17:09:56","slug":"creative-montage","status":"publish","type":"page","link":"https:\/\/gbcsarl.com\/index.php\/creative-montage\/","title":{"rendered":"cr\u00e9ative montage vid\u00e9o au Cameroun"},"content":{"rendered":"<section class=\"wpb-content-wrapper\">[vc_row][vc_column][wgl_spacing spacer_size=&#8221;100px&#8221; responsive_desktop=&#8221;true&#8221; responsive_tablet=&#8221;true&#8221; responsive_mobile=&#8221;true&#8221;][\/vc_column][\/vc_row][vc_row full_width=&#8221;stretch_row_content_no_spaces&#8221; parallax=&#8221;content-moving&#8221; parallax_image=&#8221;2821&#8243;][vc_column css=&#8221;.vc_custom_1556970160939{padding-top: 0px !important;background-image: url(https:\/\/gbcsarl.com\/wp-content\/uploads\/2019\/05\/integrio_services_layers_3_1.png?id=290) !important;background-position: center !important;background-repeat: no-repeat !important;background-size: cover !important;}&#8221;][vc_row_inner css=&#8221;.vc_custom_1556970169662{padding-top: 0px !important;background-position: center !important;background-repeat: no-repeat !important;background-size: cover !important;}&#8221;][vc_column_inner css=&#8221;.vc_custom_1556970014965{padding-top: 0px !important;}&#8221;][wgl_spacing spacer_size=&#8221;112px&#8221; responsive_desktop=&#8221;true&#8221; responsive_tablet=&#8221;true&#8221; responsive_mobile=&#8221;true&#8221;][wgl_custom_text font_size=&#8221;30&#8243; line_height=&#8221;38px&#8221;]\n<h6 style=\"text-align: center;\"><span style=\"color: #fefefe; font-weight: 400;\">OBTENEZ DES VID\u00c9OS RAPIDES<\/span><\/h6>\n[\/wgl_custom_text][wgl_spacing spacer_size=&#8221;10px&#8221;][wgl_custom_text font_size=&#8221;40&#8243; line_height=&#8221;45px&#8221; line_height_desktop=&#8221;90&#8243; line_height_tablet=&#8221;70&#8243; line_height_mobile=&#8221;50&#8243; responsive_font_tablet=&#8221;true&#8221; font_size_tablet=&#8221;60&#8243; responsive_font_desktop=&#8221;true&#8221; font_size_desktop=&#8221;80&#8243; responsive_font_mobile=&#8221;true&#8221; font_size_mobile=&#8221;40&#8243;]\n<h5 style=\"text-align: center;\"><span style=\"color: #fefefe;\">SERVICES CR\u00c9ATIVE DE MONTAGE VID\u00c9O<br \/>\n<\/span><\/h5>\n[\/wgl_custom_text][wgl_spacing spacer_size=&#8221;50px&#8221;][wgl_button button_text=&#8221;Faire une demande&#8221; size=&#8221;m&#8221; align=&#8221;center&#8221; icon_type=&#8221;font&#8221; icon_pack=&#8221;flaticon&#8221; icon_position=&#8221;right&#8221; icon_flaticon=&#8221;flaticon-right-arrow&#8221; customize=&#8221;gradient&#8221; text_color=&#8221;#ffffff&#8221; text_color_hover=&#8221;#0c1bae&#8221; bg_gradient_hover_start=&#8221;#ffffff&#8221; bg_gradient_hover_end=&#8221;#ffffff&#8221; border_gradient_hover_start=&#8221;#ffffff&#8221; border_gradient_hover_end=&#8221;#ffffff&#8221; link=&#8221;url:https%3A%2F%2Fgbcsarl.com%2Findex.php%2Fpapeterie%2F%23tag-form-papeterie|title:Faire%20une%20demande&#8221;][wgl_spacing spacer_size=&#8221;100px&#8221;][\/vc_column_inner][\/vc_row_inner][\/vc_column][\/vc_row][vc_row][vc_column width=&#8221;1\/2&#8243;][wgl_image_layers values=&#8221;%5B%7B%22thumbnail%22%3A%221872%22%2C%22image_animation%22%3A%22slide_down%22%2C%22image_order%22%3A%221%22%7D%2C%7B%22thumbnail%22%3A%222846%22%2C%22image_animation%22%3A%22slide_right%22%2C%22image_order%22%3A%221%22%7D%2C%7B%22thumbnail%22%3A%221869%22%2C%22image_animation%22%3A%22fade_in%22%2C%22image_order%22%3A%221%22%7D%5D&#8221;][wgl_spacing spacer_size=&#8221;30px&#8221;][wgl_video_popup title_pos=&#8221;right&#8221; button_pos=&#8221;left&#8221; animation_style=&#8221;animation_circles&#8221; animation_color=&#8221;#0c5adb&#8221; always_run_animation=&#8221;true&#8221;][\/vc_column][vc_column width=&#8221;1\/2&#8243;][wgl_spacing spacer_size=&#8221;30px&#8221;][wgl_double_headings squares_color=&#8221;#6c131d&#8221; title_size=&#8221;30px&#8221; title_line_height=&#8221;38px&#8221; title_color=&#8221;#232323&#8243; subtitle=&#8221;____Nous r\u00e9alisons pour vous&#8221; add_squares=&#8221;true&#8221;]Profils d\u2019entreprises &#8211; Vid\u00e9os de m\u00e9dias sociaux professionnels ou amateurs &#8211; Vid\u00e9os promotionnelles de produits &#8230;[\/wgl_double_headings][\/vc_column][\/vc_row][vc_row][vc_column][wgl_spacing spacer_size=&#8221;50px&#8221;][\/vc_column][\/vc_row][vc_row][vc_column width=&#8221;1\/3&#8243;][wgl_info_box icon_type=&#8221;font&#8221; icon_font_type=&#8221;type_flaticon&#8221; icon_flaticon=&#8221;flaticon-idea&#8221; icon_color=&#8221;#6c131d&#8221; icon_color_hover=&#8221;#ff6700&#8243; ib_title=&#8221;CONCEPTION CR\u00c9ATIVE&#8221; ib_content=&#8221;Notre Agence de production prend en main la direction artistique et le design de votre projet de film institutionnel (storytelling, strat\u00e9gie marketing, conception graphique)&#8221; extra_class=&#8221;infobox_cover&#8221; custom_icon_color=&#8221;true&#8221;][\/vc_column][vc_column width=&#8221;1\/3&#8243;][wgl_info_box icon_type=&#8221;font&#8221; icon_font_type=&#8221;type_flaticon&#8221; icon_flaticon=&#8221;flaticon-analytics&#8221; icon_color=&#8221;#6c131d&#8221; icon_color_hover=&#8221;#ff6700&#8243; ib_title=&#8221;R\u00c9ALISATION&#8221; ib_content=&#8221;Notre r\u00e9alisateur et notre \u00e9quipe de production disposent de mat\u00e9riel de qualit\u00e9 et des derni\u00e8res technologies pour r\u00e9aliser vos projets vid\u00e9o sur-mesure. Nos \u00e9quipes de tournage interviennent \u00e0 Yaound\u00e9 au Cameroun et partout dans le monde.&#8221; extra_class=&#8221;infobox_cover&#8221; custom_icon_color=&#8221;true&#8221;][\/vc_column][vc_column width=&#8221;1\/3&#8243;][wgl_info_box icon_type=&#8221;font&#8221; icon_font_type=&#8221;type_flaticon&#8221; icon_flaticon=&#8221;flaticon-menu-6&#8243; icon_color=&#8221;#6c131d&#8221; icon_color_hover=&#8221;#ff6700&#8243; ib_title=&#8221;POST PRODUCTION&#8221; ib_content=&#8221;Le studio r\u00e9alise la post-production (montage, assemblage des contenus, mixage, motion design, effets sp\u00e9ciaux\u2026). Le produit fini peut \u00eatre livr\u00e9 au format adapt\u00e9 \u00e0 tous canaux de distribution (TV, r\u00e9seaux sociaux, web\u2026)&#8221; extra_class=&#8221;infobox_cover&#8221; custom_icon_color=&#8221;true&#8221;][\/vc_column][\/vc_row][vc_row][vc_column][wgl_spacing spacer_size=&#8221;20px&#8221;][\/vc_column][\/vc_row][vc_row full_width=&#8221;stretch_row_content_no_spaces&#8221;][vc_column col_pos_horizont=&#8221;-2&#8243; col_pos_vertical=&#8221;101&#8243; css=&#8221;.vc_custom_1692365531157{background: #2d2d2d url(https:\/\/gbcsarl.com\/wp-content\/uploads\/2019\/05\/shapes_2.png?id=685) !important;background-position: 0 0 !important;background-repeat: no-repeat !important;}&#8221; offset=&#8221;vc_col-lg-offset-0 vc_col-lg-6&#8243;][vc_row_inner][vc_column_inner offset=&#8221;vc_col-lg-2\/5 vc_col-md-1&#8243;][\/vc_column_inner][vc_column_inner offset=&#8221;vc_col-lg-6&#8243;][wgl_spacing spacer_size=&#8221;50px&#8221;][wgl_double_headings squares_color=&#8221;#ff6700&#8243; title_size=&#8221;30px&#8221; title_line_height=&#8221;38px&#8221; title_color=&#8221;#ffffff&#8221; subtitle_color=&#8221;#ffffff&#8221; subtitle=&#8221;____CREATIVE MONTAGE&#8221; add_squares=&#8221;true&#8221; custom_title_color=&#8221;true&#8221; custom_subtitle_color=&#8221;true&#8221;]A la recherche d&#8217;une agence cr\u00e9ative?[\/wgl_double_headings][wgl_spacing spacer_size=&#8221;18px&#8221;][vc_column_text]\n<p style=\"letter-spacing: 0.2px; font-size: 18px;\"><span style=\"color: #ffffff;\"><strong>Sc\u00e9nario, tournage, montage?<\/strong><br \/>\nNous pouvons nous occuper de tout pour vous, tout en vous garantissant un total contr\u00f4le \u00e0 chaque \u00e9tape.<\/span><\/p>\n[\/vc_column_text][wgl_spacing spacer_size=&#8221;25px&#8221;][vc_toggle title=&#8221;Retouche &amp; optimisation Photo&#8221; style=&#8221;dark&#8221; color=&#8221;arrow&#8221; size=&#8221;right&#8221; open=&#8221;true&#8221;]<span style=\"color: #cccccc;\">Particuli\u00e8rement adapt\u00e9 pour les photographes portraitistes et mariages.<br \/>\nNous reconstruisons compl\u00e8tement vos photos abim\u00e9es anciennes ou r\u00e9centes en 3 versions soit couleur, noir et blanc et s\u00e9pia<br \/>\n&gt; Suppression d\u2019\u00e9l\u00e9ments g\u00eanants<br \/>\n&gt; R\u00e9union en buste<br \/>\n&gt; Restitution couleurs, lumi\u00e8re et contraste<br \/>\n&gt; Et bien plus encore<br \/>\nGB Studio est un partenariat solide et \u00e0 votre \u00e9coute<br \/>\n<\/span><\/p>\n[\/vc_toggle][vc_toggle title=&#8221;Montage Vid\u00e9o&#8221; style=&#8221;dark&#8221; color=&#8221;arrow&#8221; size=&#8221;right&#8221; open=&#8221;true&#8221;]<span style=\"color: #cccccc;\"> Global Business Consulting Sarl est l\u2019une des meilleure agence de montage vid\u00e9o au Cameroun qui offre des services de production vid\u00e9o sp\u00e9cialis\u00e9s. Agence vid\u00e9o bas\u00e9e \u00e0 Yaound\u00e9 au Cameroun, nous vous proposons la r\u00e9alisation de montages vid\u00e9o et d&#8217;animations sur mesure.<br \/>\nPour les professionnels:<br \/>\n&gt;films de pr\u00e9sentation ou d\u2019illustration,<br \/>\n&gt;interviews,<br \/>\n&gt;reportages,<br \/>\n&gt;documentaires,<br \/>\n&gt;marketing,<br \/>\n&gt;vid\u00e9os artistiques, etc. <\/span><\/p>\n<p><span style=\"color: #cccccc;\">Pour les particuliers:<br \/>\n&gt;films de famille,<br \/>\n&gt;mariages,<br \/>\n&gt;anniversaires,<br \/>\n&gt;vacances,<br \/>\n&gt;hommages, etc. Nous pouvons aussi r\u00e9aliser vos captations, tournages, interviews <\/span>[\/vc_toggle][\/vc_column_inner][\/vc_row_inner][wgl_spacing spacer_size=&#8221;30px&#8221;][\/vc_column][vc_column width=&#8221;1\/2&#8243;][wgl_spacing spacer_size=&#8221;100px&#8221;][vc_single_image image=&#8221;2981&#8243; img_size=&#8221;full&#8221;][\/vc_column][\/vc_row]\n<\/section>","protected":false},"excerpt":{"rendered":"<p>[vc_row][vc_column][wgl_spacing spacer_size=&#8221;100px&#8221; responsive_desktop=&#8221;true&#8221; responsive_tablet=&#8221;true&#8221; responsive_mobile=&#8221;true&#8221;][\/vc_column][\/vc_row][vc_row full_width=&#8221;stretch_row_content_no_spaces&#8221; parallax=&#8221;content-moving&#8221; parallax_image=&#8221;2821&#8243;][vc_column css=&#8221;.vc_custom_1556970160939{padding-top: 0px !important;background-image: url(https:\/\/gbcsarl.com\/wp-content\/uploads\/2019\/05\/integrio_services_layers_3_1.png?id=290) !important;background-position: center !important;background-repeat: no-repeat !important;background-size: cover !important;}&#8221;][vc_row_inner css=&#8221;.vc_custom_1556970169662{padding-top: 0px !important;background-position: center !important;background-repeat: no-repeat !important;background-size: cover !important;}&#8221;][vc_column_inner css=&#8221;.vc_custom_1556970014965{padding-top: 0px !important;}&#8221;][wgl_spacing spacer_size=&#8221;112px&#8221; responsive_desktop=&#8221;true&#8221; responsive_tablet=&#8221;true&#8221; responsive_mobile=&#8221;true&#8221;][wgl_custom_text font_size=&#8221;30&#8243; line_height=&#8221;38px&#8221;] OBTENEZ DES VID\u00c9OS RAPIDES [\/wgl_custom_text][wgl_spacing spacer_size=&#8221;10px&#8221;][wgl_custom_text font_size=&#8221;40&#8243; line_height=&#8221;45px&#8221; line_height_desktop=&#8221;90&#8243; line_height_tablet=&#8221;70&#8243; line_height_mobile=&#8221;50&#8243; responsive_font_tablet=&#8221;true&#8221; font_size_tablet=&#8221;60&#8243; responsive_font_desktop=&#8221;true&#8221; font_size_desktop=&#8221;80&#8243; responsive_font_mobile=&#8221;true&#8221; font_size_mobile=&#8221;40&#8243;] SERVICES [&hellip;]<\/p>\n","protected":false},"author":1,"featured_media":0,"parent":0,"menu_order":0,"comment_status":"closed","ping_status":"closed","template":"","meta":{"footnotes":""},"class_list":["post-2809","page","type-page","status-publish","hentry"],"yoast_head":"<!-- This site is optimized with the Yoast SEO plugin v21.0 - https:\/\/yoast.com\/wordpress\/plugins\/seo\/ -->\n<title>cr\u00e9ative montage vid\u00e9o au Cameroun - Global Business Consulting<\/title>\n<meta name=\"description\" content=\"Besoin d&#039;experts en storyboard, prise d&#039;images et montage vid\u00e9o de Gb Studio au Cameroun? Contactez nous d\u00e8s aujourd&#039;hui!\" \/>\n<meta name=\"robots\" content=\"index, follow, max-snippet:-1, max-image-preview:large, max-video-preview:-1\" \/>\n<link rel=\"canonical\" href=\"https:\/\/gbcsarl.com\/index.php\/creative-montage\/\" \/>\n<meta property=\"og:locale\" content=\"fr_FR\" \/>\n<meta property=\"og:type\" content=\"article\" \/>\n<meta property=\"og:title\" content=\"cr\u00e9ative montage vid\u00e9o au Cameroun - Global Business Consulting\" \/>\n<meta property=\"og:description\" content=\"Besoin d&#039;experts en storyboard, prise d&#039;images et montage vid\u00e9o de Gb Studio au Cameroun? Contactez nous d\u00e8s aujourd&#039;hui!\" \/>\n<meta property=\"og:url\" content=\"https:\/\/gbcsarl.com\/index.php\/creative-montage\/\" \/>\n<meta property=\"og:site_name\" content=\"Global Business Consulting\" \/>\n<meta property=\"article:modified_time\" content=\"2023-09-02T17:09:56+00:00\" \/>\n<meta property=\"og:image\" content=\"https:\/\/gbcsarl.com\/wp-content\/uploads\/2023\/08\/gbc_logo_consulting-2.png\" \/>\n\t<meta property=\"og:image:width\" content=\"567\" \/>\n\t<meta property=\"og:image:height\" content=\"95\" \/>\n\t<meta property=\"og:image:type\" content=\"image\/png\" \/>\n<meta name=\"twitter:card\" content=\"summary_large_image\" \/>\n<meta name=\"twitter:label1\" content=\"Dur\u00e9e de lecture estim\u00e9e\" \/>\n\t<meta name=\"twitter:data1\" content=\"3 minutes\" \/>\n<script type=\"application\/ld+json\" class=\"yoast-schema-graph\">{\"@context\":\"https:\/\/schema.org\",\"@graph\":[{\"@type\":\"WebPage\",\"@id\":\"https:\/\/gbcsarl.com\/index.php\/creative-montage\/\",\"url\":\"https:\/\/gbcsarl.com\/index.php\/creative-montage\/\",\"name\":\"cr\u00e9ative montage vid\u00e9o au Cameroun - Global Business Consulting\",\"isPartOf\":{\"@id\":\"https:\/\/gbcsarl.com\/#website\"},\"datePublished\":\"2023-08-17T11:37:20+00:00\",\"dateModified\":\"2023-09-02T17:09:56+00:00\",\"description\":\"Besoin d'experts en storyboard, prise d'images et montage vid\u00e9o de Gb Studio au Cameroun? Contactez nous d\u00e8s aujourd'hui!\",\"breadcrumb\":{\"@id\":\"https:\/\/gbcsarl.com\/index.php\/creative-montage\/#breadcrumb\"},\"inLanguage\":\"fr-FR\",\"potentialAction\":[{\"@type\":\"ReadAction\",\"target\":[\"https:\/\/gbcsarl.com\/index.php\/creative-montage\/\"]}]},{\"@type\":\"BreadcrumbList\",\"@id\":\"https:\/\/gbcsarl.com\/index.php\/creative-montage\/#breadcrumb\",\"itemListElement\":[{\"@type\":\"ListItem\",\"position\":1,\"name\":\"Accueil\",\"item\":\"https:\/\/gbcsarl.com\/\"},{\"@type\":\"ListItem\",\"position\":2,\"name\":\"cr\u00e9ative montage vid\u00e9o au Cameroun\"}]},{\"@type\":\"WebSite\",\"@id\":\"https:\/\/gbcsarl.com\/#website\",\"url\":\"https:\/\/gbcsarl.com\/\",\"name\":\"Global Business Consulting\",\"description\":\"Photographie, Imprimerie, Expertise et Conseils...\",\"publisher\":{\"@id\":\"https:\/\/gbcsarl.com\/#organization\"},\"potentialAction\":[{\"@type\":\"SearchAction\",\"target\":{\"@type\":\"EntryPoint\",\"urlTemplate\":\"https:\/\/gbcsarl.com\/?s={search_term_string}\"},\"query-input\":\"required name=search_term_string\"}],\"inLanguage\":\"fr-FR\"},{\"@type\":\"Organization\",\"@id\":\"https:\/\/gbcsarl.com\/#organization\",\"name\":\"Global Business Consulting SARL\",\"url\":\"https:\/\/gbcsarl.com\/\",\"logo\":{\"@type\":\"ImageObject\",\"inLanguage\":\"fr-FR\",\"@id\":\"https:\/\/gbcsarl.com\/#\/schema\/logo\/image\/\",\"url\":\"https:\/\/gbcsarl.com\/wp-content\/uploads\/2023\/08\/gbc_logo_consulting-2.png\",\"contentUrl\":\"https:\/\/gbcsarl.com\/wp-content\/uploads\/2023\/08\/gbc_logo_consulting-2.png\",\"width\":567,\"height\":95,\"caption\":\"Global Business Consulting SARL\"},\"image\":{\"@id\":\"https:\/\/gbcsarl.com\/#\/schema\/logo\/image\/\"}}]}<\/script>\n<!-- \/ Yoast SEO plugin. -->","yoast_head_json":{"title":"cr\u00e9ative montage vid\u00e9o au Cameroun - Global Business Consulting","description":"Besoin d'experts en storyboard, prise d'images et montage vid\u00e9o de Gb Studio au Cameroun? Contactez nous d\u00e8s aujourd'hui!","robots":{"index":"index","follow":"follow","max-snippet":"max-snippet:-1","max-image-preview":"max-image-preview:large","max-video-preview":"max-video-preview:-1"},"canonical":"https:\/\/gbcsarl.com\/index.php\/creative-montage\/","og_locale":"fr_FR","og_type":"article","og_title":"cr\u00e9ative montage vid\u00e9o au Cameroun - Global Business Consulting","og_description":"Besoin d'experts en storyboard, prise d'images et montage vid\u00e9o de Gb Studio au Cameroun? Contactez nous d\u00e8s aujourd'hui!","og_url":"https:\/\/gbcsarl.com\/index.php\/creative-montage\/","og_site_name":"Global Business Consulting","article_modified_time":"2023-09-02T17:09:56+00:00","og_image":[{"width":567,"height":95,"url":"https:\/\/gbcsarl.com\/wp-content\/uploads\/2023\/08\/gbc_logo_consulting-2.png","type":"image\/png"}],"twitter_card":"summary_large_image","twitter_misc":{"Dur\u00e9e de lecture estim\u00e9e":"3 minutes"},"schema":{"@context":"https:\/\/schema.org","@graph":[{"@type":"WebPage","@id":"https:\/\/gbcsarl.com\/index.php\/creative-montage\/","url":"https:\/\/gbcsarl.com\/index.php\/creative-montage\/","name":"cr\u00e9ative montage vid\u00e9o au Cameroun - Global Business Consulting","isPartOf":{"@id":"https:\/\/gbcsarl.com\/#website"},"datePublished":"2023-08-17T11:37:20+00:00","dateModified":"2023-09-02T17:09:56+00:00","description":"Besoin d'experts en storyboard, prise d'images et montage vid\u00e9o de Gb Studio au Cameroun? Contactez nous d\u00e8s aujourd'hui!","breadcrumb":{"@id":"https:\/\/gbcsarl.com\/index.php\/creative-montage\/#breadcrumb"},"inLanguage":"fr-FR","potentialAction":[{"@type":"ReadAction","target":["https:\/\/gbcsarl.com\/index.php\/creative-montage\/"]}]},{"@type":"BreadcrumbList","@id":"https:\/\/gbcsarl.com\/index.php\/creative-montage\/#breadcrumb","itemListElement":[{"@type":"ListItem","position":1,"name":"Accueil","item":"https:\/\/gbcsarl.com\/"},{"@type":"ListItem","position":2,"name":"cr\u00e9ative montage vid\u00e9o au Cameroun"}]},{"@type":"WebSite","@id":"https:\/\/gbcsarl.com\/#website","url":"https:\/\/gbcsarl.com\/","name":"Global Business Consulting","description":"Photographie, Imprimerie, Expertise et Conseils...","publisher":{"@id":"https:\/\/gbcsarl.com\/#organization"},"potentialAction":[{"@type":"SearchAction","target":{"@type":"EntryPoint","urlTemplate":"https:\/\/gbcsarl.com\/?s={search_term_string}"},"query-input":"required name=search_term_string"}],"inLanguage":"fr-FR"},{"@type":"Organization","@id":"https:\/\/gbcsarl.com\/#organization","name":"Global Business Consulting SARL","url":"https:\/\/gbcsarl.com\/","logo":{"@type":"ImageObject","inLanguage":"fr-FR","@id":"https:\/\/gbcsarl.com\/#\/schema\/logo\/image\/","url":"https:\/\/gbcsarl.com\/wp-content\/uploads\/2023\/08\/gbc_logo_consulting-2.png","contentUrl":"https:\/\/gbcsarl.com\/wp-content\/uploads\/2023\/08\/gbc_logo_consulting-2.png","width":567,"height":95,"caption":"Global Business Consulting SARL"},"image":{"@id":"https:\/\/gbcsarl.com\/#\/schema\/logo\/image\/"}}]}},"_links":{"self":[{"href":"https:\/\/gbcsarl.com\/index.php\/wp-json\/wp\/v2\/pages\/2809","targetHints":{"allow":["GET"]}}],"collection":[{"href":"https:\/\/gbcsarl.com\/index.php\/wp-json\/wp\/v2\/pages"}],"about":[{"href":"https:\/\/gbcsarl.com\/index.php\/wp-json\/wp\/v2\/types\/page"}],"author":[{"embeddable":true,"href":"https:\/\/gbcsarl.com\/index.php\/wp-json\/wp\/v2\/users\/1"}],"replies":[{"embeddable":true,"href":"https:\/\/gbcsarl.com\/index.php\/wp-json\/wp\/v2\/comments?post=2809"}],"version-history":[{"count":80,"href":"https:\/\/gbcsarl.com\/index.php\/wp-json\/wp\/v2\/pages\/2809\/revisions"}],"predecessor-version":[{"id":3301,"href":"https:\/\/gbcsarl.com\/index.php\/wp-json\/wp\/v2\/pages\/2809\/revisions\/3301"}],"wp:attachment":[{"href":"https:\/\/gbcsarl.com\/index.php\/wp-json\/wp\/v2\/media?parent=2809"}],"curies":[{"name":"wp","href":"https:\/\/api.w.org\/{rel}","templated":true}]}}